termine j(o).
-12
Let w(b) be the first derivative of 2*b + 12 - 1/2*b**3 + 0*b**2. Let z(x) be the first derivative of w(x). Calculate z(-1).
3
Let u = -3 + 9. Let k(m) be the second derivative of m**3/6 - m**2/2 - 419*m. Determine k(u).
5
Suppose 2*d - 7 = 3*l - 3, 4*l - 13 = -d. Let p(m) be the first derivative of -3 - m**2 + 0*m - 1/3*m**3 + 3/4*m**4. Give p(l).
16
Let m(t) = 3*t**3 + 8*t**2 - 15*t - 1. Let c(k) = -8*k**3 - 22*k**2 + 43*k + 3. Let g(z) = 6*c(z) + 17*m(z). What is g(-2)?
-13
Let p(b) = -29*b - 29. Let r(w) = -5*w - 5. Let a(q) = 6*p(q) - 34*r(q). Let c be (-61 - -46)*(-2)/(-6). Give a(c).
16
Let i(w) be the third derivative of -w**6/360 + w**5/24 - w**4/24 - w**3 + 2*w**2. Let v(l) be the first derivative of i(l). Give v(6).
-7
Let x(h) be the first derivative of -h**3/3 - h**2/2 + 24*h + 754. What is x(5)?
-6
Suppose 0 = j - 3 - 2. Let c(y) = -y**3 + 4*y**2 + 7*y. Let r be c(j). Let l(k) = 3*k**2 + k - 1 + k**3 - r*k**3 - 3*k**2. Calculate l(1).
-9
Let c(v) = v**2 + v - 2. Let x = 34 + -39. Let g be (-3 - 1) + 5 + x. What is c(g)?
10
Suppose -4 = d - 0, -5*v + 3*d = -77. Let c(k) = -4 + v*k + 9 - 16*k. Determine c(5).
-10
Let w(m) = -m - 5. Let t be ((-10)/3 + -2)*18/(-12). Suppose 84 = -t*o + 4. What is w(o)?
5
Let i = 5 - 3. Let l(a) = -a**i + 9*a - 23 + 7 + 10. Give l(7).
8
Let h(x) = -x - 4. Suppose 4*b - 3*o + 19 = 0, -b = -2*b + 5*o + 8. Let z be 4*(2 - b/(-2)). Determine h(z).
2
Suppose 32*r - 464 = -26*r. Let o(m) = -m**3 + 8*m**2 + 4*m - 26. Calculate o(r).
6
Let m(b) be the first derivative of 2*b + 3/2*b**2 - 34. Determine m(-7).
-19
Let d(y) be the second derivative of -y**4/12 + 4*y**3/3 - 4*y**2 + 181*y. Give d(6).
4
Let o(w) = 4*w**2 + 2*w + 2. Let m(z) = -3*z**2 - 2. Let y(j) = -3*m(j) - 2*o(j). Give y(5).
7
Let d(q) = -3*q**3 + q**2 - 1. Let b = 4 + -2. Suppose -i - 5*f = -25, 0*i - 4*f = 2*i - 20. Suppose -4*w - b*l + i + 4 = 0, -2*l = -8. Calculate d(w).
3
Let z(l) = -3*l + l - 12 + 4 - 2*l + 14*l - l**2. Calculate z(9).
1
Let p(n) = -n**2 + 8*n + 2. Let i be 0 - (-15 + 6 + 2). Calculate p(i).
9
Let v(b) = -63*b**2 + 1 + 62*b**2 + 13*b - 10 - 5. Determine v(10).
16
Let d be 2/(3/(12/16) + -6). Let m(w) be the first derivative of 11*w**3/3 - w**2/2 - w + 1. What is m(d)?
11
Let f be ((-1)/6 - (-14)/(-60))*-5. Let o(d) = -4*d + 5*d + 10 + d + f. What is o(-9)?
-6
Let c(o) = -10*o**2 + o. Let d(q) = 41*q**2 - 4*q. Let k(f) = 9*c(f) + 2*d(f). What is k(1)?
-7
Let p(o) = -7*o**3 + 2*o**2 + 2*o + 7. Let a(k) = 11*k**3 - 6*k**2 - 3*k - 10. Let j(x) = -5*a(x) - 8*p(x). Determine j(-14).
8
Let p = -5 + 10. Suppose j + 32 = 3*c - 4*j, 0 = 4*c - p*j - 36. Let s(z) = 3 - c + 5*z - 4*z. Give s(-3).
-4
Suppose 5*d - 2*a = 0, 3*d + 3*a + 14 = 7*a. Let b(i) = 7*i + 6*i - 1 - 3*i - d*i. Give b(-1).
-9
Let t(g) = -2*g - 4. Let w(j) = j**2 + 5*j. Let p be w(-5). Suppose -5*q - 26 + 1 = p. Calculate t(q).
6
Let v(b) = b**3 + 3*b**2 - 2*b + 3. Suppose s + 4*q = 17, 4*s + 25 = 5*s + 2*q. Let m = 29 - s. Determine v(m).
-5
Let m(g) be the third derivative of 26*g**2 + 5/24*g**4 - 1/3*g**3 + 0*g + 1/60*g**5 + 0. Give m(-4).
-6
Let a(h) = h**2 - h - 116. Let b be a(-10). Let c(g) be the third derivative of g**4/24 - g**3 + g**2. What is c(b)?
-12
Let z = 34 - 32. Let c(x) = -z*x + x + 2*x. Give c(-4).
-4
Let t be (-3 - -33)/3 - 3. Let p be (3 - t)/(4/(-6)). Let m(y) = -7*y + 10. Let v(j) = 13*j - 19. Let l(b) = -11*m(b) - 6*v(b). Calculate l(p).
-2
Suppose -9*g = -5*i - 6*g, -g - 20 = 5*i. Let a(c) = -6*c - 8. Calculate a(i).
10
Let i(n) be the third derivative of -n**5/60 - 3*n**4/8 - 5*n**3/6 - 427*n**2. Give i(-9).
-5
Suppose 8*m - 14*m = 0. Suppose m = q + q - 3*d, -q + 2*d = 1. Let b(g) = g**3 - 3*g**2 + g - 1. Determine b(q).
2
Let u(h) = h**2 + 2*h + 1. Suppose -7 = -p - 10. What is u(p)?
4
Let i(y) = y**2 - 4*y - 9. Let v be (-2)/(-9) + (-43)/(-9) + 0. What is i(v)?
-4
Let l(x) = -3*x + 5*x - x. Let v be -18*(16/96)/(1/(-2)). Determine l(v).
6
Let x(y) = -y**3 + 2*y**2 + 3. Suppose 2*h + 0*h - 6 = 0. Suppose -24 = 3*g - 6*g - h*t, 10 = 5*g - t. Calculate x(g).
-6
Let l = -106 - -108. Suppose -28 = l*y - 3*q, -3*y + 2*q = -4*y. Let u(i) = -i**2 - 9*i - 11. Determine u(y).
-3
Let b be 5 + (-62)/22 + (-10)/55. Let m(q) = q + 0*q + 0 + q**3 + 0*q + 18 + q**b. Calculate m(0).
18
Let t(u) = -u**3 - 10*u**2 + u - 2. Let q(w) = 2*w**3 + 21*w**2 - 4*w + 6. Let o(l) = -3*q(l) - 7*t(l). Give o(-6).
2
Let a(f) = 4*f - 5. Let u(q) = 3*q**2 + 68*q - 19. Let v be u(-23). Determine a(v).
11
Let m = -8 + 14. Let h(g) = -1 - 3*g - 2*g + m*g - 8. Let l be 22/11 - (-1 - -3). Determine h(l).
-9
Let v(i) = -i**2 - 7*i - 3. Let g be ((-30)/(-12))/(2/108) - 2. Let k = g - 137. Determine v(k).
9
Let t(a) = a**3 + 3*a**2 - 2*a + 2. Let d = -10 + 13. Let f be d + (-15)/2 + 2/4. Give t(f).
-6
Let n(v) = -3*v + 5 - 12 + 7. Let q(f) = 8*f. Let p be (-3)/9*(-19 + -2). Let j(w) = p*n(w) + 3*q(w). Determine j(-1).
-3
Let g(p) = 2*p + 7. Let l(q) = q + 3. Let u(f) = -6*g(f) + 11*l(f). What is u(-8)?
-1
Let b(g) = g - 8. Let c(z) = z + 22. Let u be 3/2 + 74/(-4). Let k be c(u). Give b(k).
-3
Let k(t) = 6*t + 6. Let o be k(0). Let f(q) = -q**2 + 10*q - 9. Determine f(o).
15
Let x(t) be the third derivative of t**5/60 - t**4/8 + 89*t**2. Let l be ((-3)/(-2))/((-2)/(-4)). Give x(l).
0
Let r(c) = -7*c + 2. Let n be r(-1). Let i = 10 - n. Let f(w) = 2*w**2 + w**2 - 1 - w**2 - 8*w**2. Determine f(i).
-7
Let f(v) = 4*v**2 + 1 + 4 + 4*v**2 - 3*v - 4*v - 2*v**3. Let o be f(3). Let z(h) = 2*h - 3. Give z(o).
1
Let s = -172 - -176. Let x(p) be the second derivative of 7/2*p**2 + p + 0 - 1/20*p**5 - 1/3*p**3 + 5/12*p**s. What is x(5)?
-3
Let w(n) = 27 + 15 - n**2 - n + 0 + 23 - 23. What is w(0)?
42
Let r(x) be the second derivative of x**5/20 + x**4/6 - 2*x**3/3 + x**2/2 - 282*x. What is r(-3)?
4
Let d be (-6)/(-4)*(-40)/(-30). Let o(p) = -3*p + 16*p - 9*p - p**d - p**3 - 1 + 4*p**2. Determine o(3).
11
Let u(f) = -29*f - 39. Let x be u(-1). Let g(v) = 2*v**2 + 18*v - 17. Determine g(x).
3
Let d be (18/(-8))/((-18)/96). Let i(g) = -d + 4*g - 4*g - 11*g**3 - g**2 + 13. Give i(1).
-11
Let t(s) = 4*s**2 + 0*s - s + 0*s**2 + 2*s**2 + 20*s**3 - 5*s**2. Give t(1).
20
Let q(c) = 9*c - 92. Let h be q(10). Let o(y) = 3*y**3 - 2*y - 3. What is o(h)?
-23
Let q(u) = u**2 + 25*u + 48. Let z be q(-23). Let y(t) = -2*t**3 + t**2 + 1. Give y(z).
-11
Let b(v) be the first derivative of -v**3/3 - 7*v**2/2 + 2*v - 186. What is b(-6)?
8
Let s be ((-280)/175)/((-4)/130). Suppose s - 36 = -4*k. Let q(z) = -5*z - 5. Let g(t) = -t - 1. Let f(m) = 6*g(m) - q(m). What is f(k)?
3
Let x(k) = 7*k**3 + k**2 - 2*k + 6. Let p(j) = -4*j**3 - 2*j**2 + 2*j - 2. Let w(i) = -5*p(i) - 3*x(i). Let h be (-6)/9 - (-20)/3. Determine w(h).
4
Let b(h) be the third derivative of h**6/60 - h**5/20 + h**4/24 - h**3/3 + 317*h**2. What is b(3)?
28
Let m(p) be the first derivative of -p**3/3 + 2*p**2 + p + 1. Let u(w) = w**3 - 6*w**2 + 14*w - 21. Let b be u(4). Calculate m(b).
4
Suppose 0 = 3*i - 24 + 3. Let s(t) = 6*t + 9. Let o(k) = -7*k - 12. Let j(b) = -5*o(b) - 6*s(b). Calculate j(i).
-1
Let h(o) = -3*o**3 - 6*o**2 - 3*o + 7. Let n(u) = -4*u**3 + 15*u**2 + u + 8 - 22*u**2 - 4*u. Let d(m) = 5*h(m) - 4*n(m). What is d(2)?
-3
Let u(q) = -33*q + 34*q - q**2 - q**3 + 0*q**2 - 8. Let v be (1 - 0)*0 - 0. Determine u(v).
-8
Let v = -11 - -15. Let p(u) be the second derivative of -u**4/12 + 5*u**3/6 - 2*u**2 + 3*u - 1. Give p(v).
0
Suppose -7*u = -4*u - 4*q - 16, 0 = -5*u + 2*q + 8. Let l(k) = -3*k - 9. Give l(u).
-9
Let t(h) = -h**2 - 5*h - 7. Let f(x) = -x**2 - 4*x - 6. Let p(i) = 5*f(i) - 4*t(i). Let l(m) = 5*m + 23. Let u be l(-5). Calculate p(u).
-6
Let u(r) = 4 + 5*r - 2 - 3 - 5. Let j(g) = 9*g - 13. Let z(s) = -5*s. Let d be z(1). Let m(i) = d*u(i) + 3*j(i). Calculate m(6).
3
Let z(s) be the third derivative of -s**7/1260 + s**6/144 - s**5/120 + s**4/24 - 7*s**2. Let j(g) be the second derivative of z(g). Determine j(4).
-13
Let h be (-1 - -1)*(-3)/(-6). Suppose h = 4*l - 33 - 11. Let f(t) = -t**2 + 0*t**2 - 21*t + 2 + l*t + 5*t. Determine f(-6).
-4
Suppose -2*s = -5*s - 12. Let b(q) = 9*q + 21. Let g(o) = 5*o + 11. Let k(r) = 6*b(r) - 11*g(r). Determine k(s).
9
Let v(c) = -5*c**2 + 6*c + 3. Let m(s) be the t